4375 and n.
115
Suppose m = 5*m - l - 523, -4*l = 3*m - 416. What is the greatest common factor of 72 and m?
12
Suppose -114 = -2*f + 296. Suppose 0 = -9*d + 7 + 38. Let h(n) = -n**3 + 9*n**2 - 11*n - 4. Let k be h(d). Calculate the greatest common factor of f and k.
41
Suppose 0*y = 13*y - 26. Suppose 13*r + y*r = 495. What is the greatest common factor of r and 11?
11
Let h(q) = 25*q + 97. Let a be h(19). Suppose 21*n = -5*n + a. Calculate the highest common factor of 44 and n.
22
Let i = 20741 + -20736. Calculate the highest common divisor of 4540 and i.
5
Let h be (-1)/6 + ((-93130)/(-60) - 4). Calculate the highest common divisor of 180 and h.
36
Suppose 3270*w + 2366 = 3277*w. Calculate the greatest common factor of 390 and w.
26
Suppose 180 = 5*a + 5*k, 251*k - 52 = -a + 254*k. Calculate the highest common factor of a and 40520.
40
Let i be 1*4/(-5)*1*-190. Suppose 4*m - i = 4*n, 2*n = -8 - 2. Calculate the greatest common divisor of 33 and m.
33
Let l(b) = -2*b**3 - 2*b**2 - 1. Let i be l(-2). Suppose 3*u - i*u = -52. Let r be (-102 + -7 + 5)*(-2)/4. Calculate the highest common divisor of u and r.
13
Let o be ((-65)/4)/((-1)/4*1). Let x be ((-52)/10)/((-4 + 1)/15). Calculate the highest common divisor of o and x.
13
Let d(r) = -r**3 + 8*r**2 - 8*r - 4. Let p be d(6). Let j(c) = 33*c + 0 - p*c - 15. Let t be j(6). What is the highest common divisor of 7 and t?
7
Suppose -56*s - 3*q - 2587 = -57*s, -10355 = -4*s + 5*q. What is the highest common divisor of 630 and s?
70
Suppose 4*s - 5320 = -4*t, -14*t - 4*s + 3990 = -11*t. Suppose -2*v = -53*d + 55*d - t, 2*d - v = 1330. Calculate the greatest common divisor of d and 35.
35
Let q(b) = -559*b + 610. Let o be q(1). Let y = 126 + -75. What is the greatest common divisor of o and y?
51
Let d = 3 - -5. Suppose 37*b - 396 - 167 = 103. What is the greatest common factor of b and d?
2
Let w = -4309 - -4567. What is the greatest common divisor of w and 1677?
129
Let g = -281 + 305. Calculate the highest common divisor of 2562 and g.
6
Let y = -26356 + 26407. What is the greatest common factor of y and 59?
1
Let b(i) = -19*i + 46. Let w be b(1). Suppose 3850 = -w*y + 62*y. What is the highest common divisor of 330 and y?
110
Let i(h) = 2*h**3 - 5*h**2 + 4*h + 38. Let l be i(-6). Let g = l + 1489. Calculate the greatest common factor of g and 33.
33
Let j = 0 + 2. Let h = 11 - j. Suppose -27*b + 648 = -3*b. Calculate the highest common divisor of b and h.
9
Let b(p) = -274*p**2 + 1107*p - 30. Let r be b(4). What is the highest common divisor of r and 13825?
7
Suppose n + 4*n - 2*a - 622 = 0, -14*n + 1760 = -a. What is the greatest common factor of n and 154?
14
Suppose 10*o + 38*a - 35*a - 32473 = 0, a - 6491 = -2*o. Calculate the greatest common divisor of o and 80.
10
Let o(s) = 59*s + 75. Let k be o(-9). Let w be (-2)/(-4)*k/(32/(-8)). What is the greatest common factor of 3 and w?
3
Suppose 2 = m - 3*u, 0 = -2*m + u - 1. Let x be (-92)/10*(m + -5 + 1). What is the greatest common divisor of x and 23?
23
Suppose 9*l = 12*l - 3. Let z be (51*l/5)/((-14)/(-70)). Calculate the highest common factor of 119 and z.
17
Suppose 4*n + 208 = 2*p, -n + 149*p = 154*p + 52. Let m = 68 - n. Suppose -4*x = 3*d - 56, 2*x - 46 = d - 4*d. What is the highest common factor of m and d?
12
Let m = 30 - 20. Let f(b) = 95*b - 150. Let d be f(4). Calculate the highest common divisor of m and d.
10
Let f = -7 - -11. Let z be 2/f - 13429/(-26). Let h = 1008 - 961. What is the greatest common divisor of h and z?
47
Suppose 3*r + 2*a = -52, -28 = 24*r - 22*r + 3*a. Let k = r + 26. What is the greatest common factor of 48 and k?
6
Let w(d) = -d**3 + 14*d**2 + 2. Let s be w(14). Suppose s*k + 56 = 10*k. Suppose -64 = -k*o + 3*o. Calculate the greatest common factor of o and 32.
16
Suppose -3 = 3*m, -l - 5*m = -2*m - 405. Let f = -10254 + 10266. Calculate the highest common divisor of l and f.
12
Suppose 9*d - 659 = -659. Suppose d = -8*l + 34 + 118. What is the greatest common divisor of 95 and l?
19
Suppose 7*x - 59 = -2*x + 103. Calculate the greatest common divisor of 768 and x.
6
Suppose n - 311 = s - 272, -n + 34 = -2*s. Suppose q - 76 = 3*u, 252 = 2*q + q - 3*u. What is the greatest common factor of q and n?
44
Let y(n) = n**3 + 2*n**2 - 4*n + 4. Let m be y(1). Suppose 0 = -2*w - f + m + 4, 4*w + f - 17 = 0. Calculate the greatest common factor of w and 625.
5
Let a be (-38)/(-209) - (-9395)/55. What is the highest common factor of a and 72?
9
Let u(b) = -7*b - 18. Let z = -410 - -396. Let n be u(z). What is the greatest common divisor of 10 and n?
10
Suppose 2*v = 3*u - 2, 2*v + 2*u = -0*u + 8. Let x be v*(1 - 0/(-3)). Suppose x*o = 7*o - 140. Calculate the greatest common divisor of o and 28.
28
Let v(j) = 117*j + 7. Let t be v(1). Suppose 0 = 3*z + 112 - t. Calculate the highest common divisor of z and 124.
4
Let q = -36858 - -36948. What is the greatest common factor of 54 and q?
18
Let x be ((-5)/(-3))/(55/1518). Suppose 10 = -3*u + 1. Let s(t) = -t**3 + t - 1. Let n be s(u). Calculate the greatest common divisor of n and x.
23
Let d(z) = -59 - 73*z - 25*z + 60. Let t be d(1). Let c = t + 109. Calculate the highest common factor of 264 and c.
12
Suppose -d - 4*r + 10 = -12, 0 = -5*r + 25. Suppose f - 38 = 10. Suppose -f = 3*s - 9*s. Calculate the greatest common factor of s and d.
2
Suppose -4*h - 4*d + 22 = -382, 4*d - 110 = -h. Let u be 46 + -5*4/(-10). Let v = u - 34. Calculate the highest common divisor of h and v.
14
Suppose -51*g = -30*g + 13650. Let d = -578 - g. Let z(m) = 19*m**2 - m. Let j be z(1). What is the highest common factor of j and d?
18
Suppose -2*h = -5*r + 2*r - 360, 5*h - 913 = r. Suppose 8*m - 169 - h = 0. Calculate the highest common factor of 16 and m.
4
Suppose -11 = 7*f - 39. Suppose -2*n + 0*n - d + 34 = 0, -f*n + 68 = -d. What is the greatest common factor of 136 and n?
17
Suppose 3*h + 90*c - 86*c = 214, -6*c + 24 = 0. Calculate the greatest common divisor of h and 11154.
66
Suppose -9*k + 2*k + 245 = 0. Suppose 5*d - 25 = 0, 5*y + 3*d - 70 = k. Calculate the greatest common divisor of y and 2.
2
Let d(m) = m**3 - 30*m**2 - 219*m - 5. Let k be d(-6). What is the greatest common divisor of 871 and k?
13
Let h(u) = 21*u**3 - 3*u**2 + u + 1. Let t = 87 + -151. Let d = t - -65. Let n be h(d). Calculate the highest common factor of 10 and n.
10
Suppose 612 = -7*n + 591. Let a be 28*40/30*n/(-8). What is the greatest common divisor of a and 336?
14
Suppose 5*t - 25 = -10*k + 30, 2*t = k + 52. Calculate the highest common divisor of 9062 and t.
23
Suppose -k + 53 = 4*k + 2*o, -5*k + 56 = -o. Let s = -350 + 89. Let n = 316 + s. What is the greatest common factor of k and n?
11
Suppose 0 = 2*y - 39 + 81. Let k = y - -45. Let a be 328/k - 2/(-6). What is the greatest common factor of 2 and a?
2
Suppose 0 = -16*l + 353 + 175. Suppose 5*y - 53 = 3*v, y + 8*v = 3*v + l. Calculate the greatest common factor of 325 and y.
13
Let j(l) = 84*l + 16140. Let a be j(-131). What is the highest common factor of 96 and a?
48
Let f(a) = a**2 - 128*a + 3229. Let s be f(34). Calculate the greatest common divisor of s and 7403.
11
Suppose -2*b - 5*y = -28, 0*b - 4*b + 3*y + 30 = 0. Suppose b*w + 27 = 6*w. Let d be 309/9 + (-6)/w. What is the highest common factor of 7 and d?
7
Let y = -176 + 162. Let q = -9 - y. What is the greatest common factor of q and 30?
5
Let i = -6 - -10. Suppose -a - 2*g = -52, a = -a - 5*g + 108. Let x be (a - (-4 + 5)) + 1. What is the greatest common factor of x and i?
4
Suppose -190*u + 197*u = 44968. What is the highest common factor of 88 and u?
88
Let f be 1922/(-16) - (-6)/48. Let m be (f/50)/(4/(-190)). Let b = -58 + m. What is the highest common divisor of b and 14?
14
Let g(v) = v**3 - 15*v**2 - 33*v + 10 - 7*v + 10*v + v**2 + 7*v**2. Let s be g(14). What is the highest common divisor of 26 and s?
26
Let n be (-1)/(0 + (-5)/15). Suppose 0 = -4*o - 20, n*o - o + 110 = 4*t. Suppose z + t = -4*z, 3*z = 5*s - 30. What is the greatest common divisor of 24 and s?
3
Let p(q) = -63*q + 72. Let n be p(-8). Let v = n + -527. What is the highest common divisor of v and 49?
49
Let l be (-180)/(240/32 - 9). Let u be 8/(3*(-2)/(-30)). What is the greatest common factor of u and l?
4